rmine r(c).
41
Let v(l) = -l**3 + 5*l**2 - 1. Let j(p) = p**2 + 20*p + 80. Let d = -37 - -22. Let w be j(d). What is v(w)?
-1
Let k be 1/(-1)*3 - -9. Let a(g) = -g - 1. Let v(i) = i + 1. Let u(h) = 4*a(h) + 3*v(h). Let m(d) = 9*d**2 - 6*d - 6. Let y(j) = k*u(j) - m(j). Give y(-1).
-9
Let w(u) = -1348*u + 364. Let l(i) = 64*i - 17. Let v(n) = -64*l(n) - 3*w(n). Determine v(1).
-56
Let u(s) = -3*s - 34. Suppose -l - 39*l = 6*l + 414. What is u(l)?
-7
Let n = 4661 - 4641. Let k(j) = 2*j**2 - 38*j - 27. Determine k(n).
13
Suppose -z - 293 = -25*k + 20*k, -217 = -4*k - 5*z. Let i = k + -68. Let m(x) = x + 12. Calculate m(i).
2
Suppose i = -4*i. Let n(l) be the third derivative of -l**5/60 - 19*l**3/6 - 7608*l**2 - 2*l. Give n(i).
-19
Let n(f) = -f**3 - f - 40. Let r(z) = 317*z + 1585. Let u be r(-5). Calculate n(u).
-40
Let u = -174 + 662. Let i = u + -491. Let r(a) = a**2 + 7*a + 4. Calculate r(i).
-8
Let p(v) = -v**2 - 8*v - 14. Let o(i) = 0*i**3 + 272 - 2*i**3 + 8*i**2 - i - 272. Let k be o(4). Calculate p(k).
2
Suppose 0 = 5*l - 5*a + 50, 363 - 285 = -5*l + a. Let k(q) = -2*q - 49. What is k(l)?
-15
Let t be ((-1)/((-2)/6))/(-1). Let z(u) be the second derivative of u**5/20 + u**4/3 + 2*u**3/3 + 2*u**2 - 55*u + 19. Give z(t).
1
Let f(g) = 36*g - 5*g - 8*g - 21*g + 6 - 3*g. Give f(11).
-5
Let p(i) = -i**3 - 14*i**2 - 7*i - 29. Suppose 5*k + 93*k + 1372 = -0*k. Determine p(k).
69
Suppose -2*u - 3*n + 19 = 0, n - 53 = 4*u - 8*u. Suppose -4*p = o + u, p - 7*o = -12*o + 6. Let z(x) = x**3 + 5*x**2 - x + 3. Calculate z(p).
23
Let r(y) = 35*y - 3. Suppose 2*d - 3*d - 2*u + 12 = 0, 0 = -5*d + 2*u. Give r(d).
67
Let q(s) = -10*s**2 - 19 + 63*s + 10*s + 27 - 36. Calculate q(7).
-7
Let j(x) = 2*x**3 + 120*x**2 + 116*x - 115. Let i = -286 - -227. Give j(i).
3
Let q be 6*8/(-108)*96/40*(-255)/(-68). Let m(k) be the third derivative of 0 - 2*k**2 - k**3 + 0*k - 1/6*k**4. Calculate m(q).
10
Let u(v) = -v**2 - 8*v - 5. Let f(b) = b**2 - 10*b - 4. Let z be f(14). Suppose k = 1 - 5, 2*k = 4*x + z. Let c be x/(-45) + 32/(-6). Calculate u(c).
10
Let m(a) = -a**3 + 7*a**2 + 10*a + 76. Let k be m(9). Let l(x) = -8*x + 23. Give l(k).
-9
Suppose 0 = b + 2*b. Let v(s) = 89*s + 176. Let x(j) = 14*j + 27. Let k(u) = 3*v(u) - 19*x(u). Calculate k(b).
15
Let x(d) = d**3 - 9*d**2 + 8*d - 6. Let v = 2638 - 2631. Give x(v).
-48
Suppose b - 27 = 2*x - 8, b + 5*x - 12 = 0. Let i(j) = -27*j + 44*j - b*j + j**2 + 2. Determine i(2).
6
Let k(l) be the second derivative of -l**6/30 + l**5/60 - l**4/24 + 20*l**3/3 - 31*l. Let a(z) be the second derivative of k(z). Give a(1).
-11
Let i(g) = -g**2 - 13*g - 1. Let p(x) = -6*x**2 - 66*x - 6. Let v(u) = 11*i(u) - 2*p(u). Let r(s) = 1010*s + 4051. Let b be r(-4). Determine v(b).
1
Let t(g) be the second derivative of g**5/10 + g**4/2 - 7*g**3/6 + g**2/2 + 159*g - 4. Calculate t(-4).
-3
Let u(h) = 17*h + 2. Suppose 49*i + 594 = -50*i. Give u(i).
-100
Let k(f) = -4*f + 7. Let t(a) = -5*a + 6. Let r(s) = -3*k(s) + 2*t(s). Let p(l) = 6*l**3 - 22*l**2 - 186*l - 6. Let y be p(-4). Give r(y).
-5
Let x(p) be the third derivative of -p**5/60 - 3*p**4/8 + 50*p**3/3 - 2*p**2 + 532*p - 2. Give x(6).
10
Let y be (-15)/(-10) - (-76)/(-8). Let l(z) be the third derivative of 0*z + 1/24*z**4 + 4*z**2 - 1/3*z**3 + 0. Calculate l(y).
-10
Suppose -10 = -3*l + 2. Let u = -3759 + 3803. Suppose 5*s = l*k + u, 2*s - 9 = -1. Let b(z) = 3*z - 8. What is b(k)?
-26
Let l(a) = -10950*a + 10964*a + 4*a**2 - 2*a**2 - a**3 - 25 + 8. Give l(4).
7
Let s(k) = 10*k + 76. Suppose 3*t + 2*t = -5*c - 35, -t - 5 = 3*c. Let d be s(t). Let p(y) = 0 + 4*y**2 - 5*y**2 - 1 + 2. Determine p(d).
-15
Suppose 5*a - 70 = -5*a. Let p(c) = 2*c**2 - 9*c - 10. What is p(a)?
25
Let c = 52527/140 - 2626/7. Let l(g) be the second derivative of -3/4*g**4 + 14*g - c*g**5 - 2*g**2 + 0 - 4/3*g**3. Calculate l(-8).
-4
Let i be 1*(5 + (-24)/4). Let n(h) = 15*h - 3. Calculate n(i).
-18
Let u(t) be the first derivative of t**4/4 + 8*t**3/3 - 3*t**2/2 + 4*t + 233. Determine u(-7).
74
Let b(c) be the first derivative of -c**2/2 - c + 24. Let o(w) = w**2 - 2*w - 11. Let t be o(9). Let i = -46 + t. Give b(i).
-7
Let y(v) = 15*v**2 - 23*v - 57. Let q(u) = -4*u**2 + 2*u + 2. Let x(b) = 4*q(b) + y(b). Calculate x(-7).
7
Let q(x) = -4*x + 17. Suppose 12*d - 10*d = z + 3, 0 = 4*z + 2*d - 48. Calculate q(z).
-19
Let i(k) = -70*k**3 - k**2 - 2*k - 2. Suppose 8 = -5*l - q, 67*q + 3 = 66*q. Calculate i(l).
69
Let u be ((4/6)/1)/(4 - (-164)/(-42)). Let f(r) = -11*r + 65. What is f(u)?
-12
Let s = 2732 - 2723. Let x(g) be the second derivative of 1/12*g**4 + g**2 + 0 - s*g + g**3. Calculate x(-3).
-7
Let g(f) = f. Let m(l) = -26 + 8 + 17 - 9*l. Let a(y) = -5*g(y) - m(y). Suppose -7*x + 111 = 139. Determine a(x).
-15
Let d(q) = -q**3 + 15*q**2 - 13*q - 12. Suppose v - 12 - 83 = 0. Suppose -4*u - 6 = a, -2*u = -5*a + 3*u + v. What is d(a)?
2
Let w(l) = -3*l**3 + l**2 + l - 4. Let o(h) = 16*h**3 - 23*h**2 - 20*h - 3. Let v(u) = -o(u) - 5*w(u). Calculate v(19).
-53
Suppose -u - 5*u = -6. Let j be (-15)/(-6)*(6 - 4). Let g(x) = -10*x**2 + 4*x + 5. Let b(w) = -w**2 + w + 1. Let o(i) = j*b(i) - g(i). Determine o(u).
6
Let v(g) be the third derivative of g**5/60 - g**4/3 + 4*g**3/3 - g**2. Let p = 46835 + -46827. Give v(p).
8
Let d = 644 - 649. Let n(x) = -11*x - 8. Determine n(d).
47
Let f be ((-39)/65 + (-4)/10)*-1. Let g = 10 - 9. Let r(t) = g + 5*t + 0*t + 1 - 1. Calculate r(f).
6
Let r(f) = -1 - 4*f - 459*f**2 + 916*f**2 + 2*f - 456*f**2. Let z(l) = 0*l - 2 + 4*l - 5*l + 3. Let g be z(-2). What is r(g)?
2
Let z(k) = -k**3 + k - 6*k**2 - 4 + k**3 + k**3. Let w = -515 - -806. Let q = -285 + w. Give z(q).
2
Suppose -3*h + 15 = -6*h. Let b(p) = -501*p - 5*p**2 + 2026*p + 7 - p**3 - 509*p - 510*p - 507*p. What is b(h)?
12
Let d(i) = 5*i**3 - i**2 + 1. Let p = 42 + -163. Let b = p + 119. Calculate d(b).
-43
Let r(j) be the second derivative of j**4/3 + 9*j**3/2 + j**2 - j + 379. Give r(-6).
-16
Let l(s) = 34*s - 575. Let c be l(17). Let q be (-2)/((-2)/3) + -1. Let x(r) = 2*r**3 + 1 + 2*r**2 - q*r**c - 4*r + r**3. Calculate x(-3).
4
Let z(q) = q**3 + 3*q**2 - 5*q + 20. Let i be (-1 - -6)*194/(-194). Calculate z(i).
-5
Let z be (244 - -1)/(20/5 + -3). Let i = 247 - z. Let m(h) = -3*h**3 + 2*h**2 - 3*h + 3. Determine m(i).
-19
Let v(a) = -2*a + 92. Let d(f) = 2*f**3 - 24*f**2 + 13*f + 140. Let j be d(11). Determine v(j).
10
Let n(u) = u**3 - 4*u**2 + 2*u. Suppose 0 = 4*g - 16. Suppose 5*b - 13 = 4*v, g*v + 3 = -b + 4*b. Suppose -5*j = -2*f - 0 - 7, -v*j = f - 13. What is n(j)?
-3
Let x(w) = -2*w + 4. Let s(m) = -2*m + 4. Let b(u) = 5*s(u) - 4*x(u). Let o(a) = -a**2 + 14*a - 29. Let y be o(3). Calculate b(y).
-4
Suppose 5*c + 2 = 2*t + 16, -t + 8 = 5*c. Let a(p) = 4*p + c*p - 5*p - 1. Let j(k) = -k**3 + 21*k**2 - 27*k + 134. Let w be j(20). Calculate a(w).
-7
Let h(t) = -69*t**2 - 24*t + 12. Let u(p) = -139*p**2 - 44*p + 22. Let f(g) = -11*h(g) + 6*u(g). Give f(-1).
-75
Let k(l) = l. Let u(p) = -p**3 + 4*p**2 + 2*p + 17. Let i be u(6). Let t = i - -57. Suppose -8*f - 18 = t. Determine k(f).
-4
Suppose 4*f = -5*p - 36, 4*f + 36 = 7*p - 2*p. Let s = 4 + 2. Let h(j) = -1. Let n(r) = r - 5. Let m(o) = s*h(o) - n(o). What is m(f)?
8
Let r = -125 - -229. Let l = 99 - r. Let u(v) = v**2 + 8*v + 4. Give u(l).
-11
Let g be 16/(-7) - (-4)/14. Let q = 234 + -219. Let y(h) = q*h + 4 - 5*h - 9*h. Determine y(g).
2
Suppose -81*b + 11 = -111*b + 131. Let j(n) = 79*n**2 - 318*n - 2. Calculate j(b).
-10
Let c(q) = -3*q**2 + 3*q - 42. Let z be -5 + (1 + 9)/5. Let g(y) = -2*y**2 + 2*y - 21. Let n(u) = z*c(u) + 5*g(u). Give n(0).
21
Let i(x) = x. Let y(d) be the third derivative of 3*d**4/8 - 83*d**3/3 + 6*d**2 - 7*d. Let p be y(19). What is i(p)?
5
Let u(p) = 2*p**3 - 3*p**2 + 5*p - 3. Suppose 15*l + 116 - 161 = 0. Give u(l).
39
Let r(i) be the first derivative of 8*i**3/3 - i - 5. Let o be -3 + 92/22 - (-16)/(-88). Give r(o).
7
Let v(m) be the third derivative of m**4/12 - 19*m**3/6 + 3*m**2. Let f be (-60)/(-8)*(-48)/(-36). Let l be v(f). Let o(d) = 4*d**3. Determine o(l).
4
Suppose -46*h - 612 = -290. Let j(p) = -p**3 - 9*p**2 - 16*p + 9. What is j(h)?
23
Suppose -3*b + 3*g = -3, -5*g = -8*b + b + 11. Let s(u) = u - 4. Calculate s(b).
-1
L